- -52121 - (1 + 5 + -2 - 1)?
-2
What is 1 + (-4 - -12) + -46 + 3 + 2 - -3?
-29
What is the value of 191 + -148 - (-8 + 53)?
-2
Calculate -80 + (-12 + 1 - (-345 + 344)) + 18.
-72
What is the value of -13 - (-11 + -10) - (-2 - 11 - (-8 + 0))?
13
4 + -2 + -2 - (-1074 - -1184)
-110
What is the value of (0 - 1) + 129 + (-109 - -40)?
59
What is -12 - -9 - 6 - -2 - ((0 - -26) + -15)?
-18
Evaluate (-25 - -2) + -45 + (-4 - -41).
-31
Calculate -10 - (4 - 0 - 4) - (41 + -29 + 34).
-56
What is -18 + 10 - (-38 - -16) - 49?
-35
Evaluate (29 - 25) + -39 + 52.
17
Evaluate -87 + 18 - -141 - -64.
136
What is the value of -47 + -10 + 254 + -298?
-101
Calculate (-215 + 211 - (4 - 0)) + 9.
1
What is (-18 - 15 - (43 + -25)) + -10?
-61
Evaluate (-4211 - -4210 - (24 + -1 + -1)) + 166.
143
What is the value of 28 - 5 - (2 - -8) - -14 - 11?
16
-18 + -1 - (-6 - -6) - (518 + -516)
-21
Evaluate (-19 + 13 - -2) + 32 + 7.
35
Calculate -20 - (18 + -12 - -16) - -4.
-38
What is 12 + 12 + 39 + 8 - (-22 + 2)?
91
What is 0 + (32 + -26 - (1 - -36)) + 12?
-19
((1 - 3) + -6 - (-5411 - -5395)) + -11
-3
(4 + 5 - (10 - -16)) + 42
25
What is -152 - (-56 + -32 - -36 - -20)?
-120
Evaluate (-19 - -1) + (-5 - -1 - -121 - -17).
116
What is -56 - (17 + (-1 + -3 - 16))?
-53
-31 - (0 + -2 + 2 + (128 - 123) + -12)
-24
Evaluate 8 + (2 - 0) - ((-238 - -117) + 79).
52
What is -450 + 425 - (32 - 2)?
-55
Calculate (-26 - (-7 + (145 - 25))) + 4.
-135
What is the value of 28 + (31 - (66 - 87))?
80
What is 7 + (-37 - -38) + 1 - -80?
89
Evaluate (-53 - -7) + (173 - 135).
-8
-121 - -1 - (95 - -29 - 162)
-82
Calculate (-20 - -1) + -13 - (1 + -5 - 0).
-28
-53 + 21 - -48 - -7
23
What is the value of (2 + 34 + -35 - 3) + (-1 - (-3 + -8))?
8
What is 17 + -101 - (0 - 0 - (-6 + 10 + -5))?
-85
120 - (0 - 13 - ((-56 - -19) + -14 + 35))
117
-35 + (78 - 60) + -6
-23
What is the value of (-14 + 10 - 14 - (-8 + 8)) + 77?
59
Calculate (9 + -22 + -8 - (-1 - 11)) + 7.
-2
Calculate (124 - 149 - (-1 - 20)) + -19 - (0 + 2).
-25
What is 1 + -25 + (-36 - -22) + -65?
-103
Evaluate 65 + -29 - (14 + -11) - 60.
-27
Calculate 4 - -1 - (485 - 568).
88
What is (563 - 584 - (-17 + 0)) + 5 - (-1 - 0)?
2
Calculate -101 + 46 + 136 + 7.
88
Evaluate 260 + -25 - (1 + 143).
91
What is the value of (8 - 74) + (1077 - 911)?
100
Calculate -58 + ((7 - 55) + 23 + 14 - (-2 + 0)).
-67
What is the value of 4963 - 4895 - (2 + 20)?
46
What is 3 + -10 - -22 - (490 - 437)?
-38
-22 - ((18 - 35) + -65)
60
What is 17 - 23 - -11 - (37 + -5)?
-27
-129 + (-1 - 0) + 43 + 33 + (-41 - 24)
-119
Evaluate (536 - 549) + 0 + -1 + 22.
8
What is (75 - (-15 + 49)) + 10?
51
Evaluate -8 - (3 - (0 - 0) - -3) - -35.
21
(7 - (-6 + 9 + -101) - 9) + -8 + 11
99
What is 5 + -1 + -10 - 0 - (-21 - (19 - 38))?
-4
Evaluate 91 + (-95 - -46) - (4 - -16).
22
What is the value of (12 - 4) + (-15 - ((104 - 26) + 2))?
-87
Evaluate -15 + 23 + -17 - -1 - 11 - (-8 - 1).
-10
-60 + (-45 - -37 - -50)
-18
What is -18 - ((17 - 6 - (20 + -15)) + (-1 - 4))?
-19
Evaluate -33 + (19 - -41) + -36 - (0 + (2 - 24)).
13
What is the value of -11 + (2 + 10 - (-15 - (-18 + -38)))?
-40
What is (-6 + (2 - 6 - -11) - 4) + -8 + 5?
-6
Calculate 24 - (58 + -50 + 14).
2
What is (-19 - -1) + (-3 + 2 - 0) + -501 + 510?
-10
Calculate -18 - (-95 - (92 + -183) - (12 + -1)).
-3
What is the value of 86 + -3 + 16 + (-45 - (-9 - 4))?
67
What is the value of -1 + (-23 - -17 - 14) + 4 - 115?
-132
Evaluate 11 + (43 - 21) + -44 - 8.
-19
What is the value of -11 + 1 + (-29 + 68 - 56) + 35?
8
What is 61 + -52 + -27 + 89?
71
Calculate 57 - (-40 - (-49 - 35)).
13
(-7 + -35 - (-5 + -9)) + 3 + -2 + 0
-27
Evaluate 11 - ((12 - 12) + 1 + 52) - 16.
-58
Evaluate 84 - ((44 - 24) + (0 - -2)).
62
-11 + (-26 - -74 - 112)
-75
What is the value of (-148 - -62) + (11 - -16)?
-59
(2826 - 2922) + 2 + 21
-73
What is the value of 5 - (12 + (-12 - 6))?
11
Calculate -30 + (20 - -53) + -18 + -23.
2
What is 93 + (35 - 73) + 9?
64
Evaluate 70 + -86 + 29 + 35.
48
What is the value of 34 - (23 - (-10 + (38 - 19)))?
20
Calculate 6 + 5 + -11 + 18 - 42 - (-8 + 0).
-16
Evaluate -8 + -151 + (-165 - -221).
-103
41 + -161 - -114 - -88
82
What is 104 - (-72 - (-138 + -39))?
-1
Calculate 1 - 2 - (-23 + 16 + 10) - 16.
-20
Calculate 43 + (-34 - -1 - 37).
-27
What is -54 + 50 - -56 - 42?
10
-18 + 51 + (21 - 16) + -64
-26
What is (-3 - (-2 + -52)) + 112 + -54 + -50?
59
What is 7 - 1 - (-23 - (4 + 14 - -6))?
53
Evaluate -36 + (-16 - (-11 - (1 - (5 + -9)))).
-36
What is the value of -4 - (-13 + -1) - (1 + (1 - 15))?
23
Calculate 5 + (-12 - (13 + (-36 - -17)) - (1 + -6)).
4
What is (71 + -102 - (4 - 0)) + -13?
-48
Evaluate 7 + -18 - ((-706 - -701) + -26 + (0 - 1)).
21
What is 90 + (-24 + -3 - 21)?
42
35 + (-6 + -1 - (562 - 558))
24
-63 + (2 - (32 - 3)) + 20
-70
Evaluate -5 + 88 - (-75 + 43 - -26).
89
(-11 + -1 - -13) + (1 - 1) + -6 - -12
7
(-9 - -5 - 11 - 0 - -28) + 14
27
Evaluate (-131 - 61) + 136 + -30.
-86
What is -34 + (7 - (-87 + 95 - (0 + -5)))?
-40
What is the value of (144 + -50 - -37) + -63?
68
Calculate (2 - -38) + (22 - 28) + 35 + -9.
60
Calculate 7 - 9 - (-12 - -23 - 82).
69
What is the value of (566 - 583) + (73 - -10)?
66
(31 - -43 - 63) + -2 + 0 + 2 + 54
65
What is the value of (3 + -19 - 2) + 705 + -687?
0
105 + (-5 - (1 - 4)) + (-774 - -770)
99
Evaluate 26 + (90 - (58 + 14) - (-2 - -13)).
33
What is -2 + (24 - 9) + (10 - -12)?
35
What is the value of 140 + -76 - (-19 + 11 - 3)?
75
Calculate 5 + 86 - 117 - 69.
-95
Evaluate (-4 - 4) + 7 - ((-76 - -9) + 15).
51
What is (-24 - (-19 + 6)) + 1 - -25 - 6?
9
Evaluate -50 - -109 - (34 - (8 - 3)).
30
What is the value of 105 + -192 + 23 - (0 + -1 - -2) - -4?
-61
(3 - -29) + (-37 - 68) + 22
-51
What is 152 + -69 - 0 - 124?
-41
Calculate 2 - (-164 + 50 + 62).
54
Evaluate (6 + 5 - 12) + 12 - (95 + 1).
-85
Calculate -48 + -1 + (2 + 15 - 17) + 5 + -13.
-57
Evaluate -34 - 2 - (1140 - 1222).
46
What is -14 + -28 + 57 + -16?
-1
203 + -213 + 5 + -6 + 19
8
Calculate -2 + (94 - (38 - (22 + (-9 - -8)))).
75
(30 - (55 - 32)) + 41 + (6 - -1) + -3
52
Calculate (-14 + -51 - (1 + -6 - 5)) + -1.
-56
Evaluate 7 + (-61 + 29 - (-51 - -41)).
-15
(0 - 80) + -12 + -2 + 30 + (-7 - 1)
-72
What is 0 + -3 + -3 + -11 - (-456 + 485)?
-46
Evaluate -79 + (-66 - -48 - (-7 + 0)) + -5.
-95
(39 + 1 - (-680 + 661)) + 39
98
Calculate (168 - 231) + (-3 - -31).
-35
What is the value of (-37 - 45) + 112 - -37?
67
Calculate 4 + -1 - (20 - 1) - (1462 - 1578).
100
80 + -17 + 19 + -27 + 13
68
-11 + -10 + 8 + 18 + (2 + -2 - 34)
-29
26 + -65 - 50 - -2
-87
What is the value of (13 + -12 - 3) + 23?
21
Evaluate -14 - 20 - -41 - 7.
0
Evaluate 5 + (-29 + -1 - (45 - 60)) + -32.
-42
What is the value of 10479 + -10469 + (37 + -1 + 0 - (1 + -3))?
48
Evaluate (-161 - -157) + (13 - 17) + (-13 - 1).
-22
Calculate -52 + (-5 - (-32 - -25) - -4).
-46
Calculate 0 + 0 + -24 + 44 + 5 + -44 + 46.
27
What is the value of 40 + (23 - ((31 - 13) + 18)) + 11 + -1?
37
Evaluate (17 - (17 - 3)) + (-2 - 7) + 5.
-1
What is the value of (7 - -3 - 8 - -5) + 13?
20
Calculate 55 - (-40 + (18 - (-53 + 35))).
59
(45 - -18) + -61 - 44
-42
Evaluate (113 - 102) + -27 + 0 + -1 - 8.
-25
238 + -243 + (-2 - -11)
4
-6 + 50 - -91 - 52
83
Calculate -15 + -41 + (-102 - -49) + 37.
-72
Calculate -74 - (3 + (1 - -13 - (-79 + 103))).
-67
What is -121 + 79 + 78 - ((0 - 2 - -3) + -12)?
47
Calculate 0 - -9 - (-11 + 27) - 15.
-22
What is 38 - (-56 + 14 + 111)?
-31
Calculate (1116 - 957) + (-17 - -7).
149
What is the value of 82 - (-32 + 119 + -39)?
34
Evaluate 161 + 79 - (342 - 195).
93
What is 176 - 334 - -128 - (0 - 122)?
92
2 + (-2 - 32) + 3005 + -3021
-48
What is -75 + (-95 - -303) + -54?
79
Calculate (-6 - 11) + (-6 - (10 + 3 - 17)).
-19
What is 1 - (3 + 5 - (28 + -20 - (35 + 3)))?
-37
What is 2 - -64 - (2121 + -1996)?
-59
Calculate 1 - (0 + (16 + -30 - -29 - 18)).
4
What is the value of 12 + 12 - (767 + -674)?
-69
Calculate (50 - (-10 - (-56 + 23))) + (0 - -8 - 0).
35
975 + -997 - (3 - 24)
-1
Evaluate 43 - (88 - (-33 - -56)).
-22
Calculate 2 + 0 - (20 + 1 + (-925 - -927) - 115).
94
What is the value of 34 + (51 + 6 + 0 - 39)?
52
Calculate -14 + (-42 - 17) - 8.
-81
Calculate 14 - 116 - -51 - 19.
-70
(46 + -60 - 26) + (-1 - 0) + 0
-41
What is the value of -73 - (-2 + (6 - (-6 + 5)) - (3 - 9))?
-84
What 